s 18 divide 456?
False
Is 40 a factor of 375?
False
Is 216 a multiple of 27?
True
Does 5 divide 3263?
False
Does 47 divide 9071?
True
Is 145 a multiple of 2?
False
Does 4 divide 631?
False
Is 410 a multiple of 44?
False
Is 1443 a multiple of 39?
True
Does 6 divide 137?
False
Is 1050 a multiple of 25?
True
Is 27030 a multiple of 106?
True
Does 4 divide 780?
True
Does 40 divide 1800?
True
Is 21 a factor of 22277?
False
Is 5 a factor of 1492?
False
Is 45942 a multiple of 26?
True
Does 5 divide 8590?
True
Is 7 a factor of 11067?
True
Does 67 divide 7102?
True
Is 2 a factor of 99?
False
Is 24 a factor of 242?
False
Is 2170 a multiple of 11?
False
Does 13 divide 74529?
True
Is 2700 a multiple of 5?
True
Is 20 a factor of 220?
True
Is 14115 a multiple of 13?
False
Is 4992 a multiple of 12?
True
Is 16 a factor of 800?
True
Does 3 divide 1167?
True
Is 3312 a multiple of 16?
True
Is 4 a factor of 376?
True
Is 266 a multiple of 14?
True
Does 10 divide 6690?
True
Is 361 a multiple of 43?
False
Does 143 divide 9152?
True
Is 9401 a multiple of 17?
True
Is 15047 a multiple of 3?
False
Is 31 a factor of 20274?
True
Does 17 divide 13124?
True
Is 2233 a multiple of 29?
True
Is 13 a factor of 121238?
True
Is 272 a multiple of 8?
True
Is 16 a factor of 480?
True
Is 12 a factor of 6247?
False
Is 142 a factor of 20981?
False
Does 20 divide 1462?
False
Does 57 divide 855?
True
Is 94 a multiple of 47?
True
Is 277 a multiple of 19?
False
Does 379 divide 57229?
True
Is 30 a factor of 300?
True
Is 501 a multiple of 44?
False
Is 9776 a multiple of 8?
True
Is 31 a factor of 43?
False
Does 106 divide 24593?
False
Does 81 divide 7047?
True
Is 7569 a multiple of 12?
False
Is 56 a factor of 5544?
True
Is 1584 a multiple of 99?
True
Does 119 divide 2975?
True
Does 17 divide 102?
True
Does 25 divide 1675?
True
Is 487 a multiple of 18?
False
Is 40432 a multiple of 16?
True
Does 9 divide 855?
True
Is 50 a factor of 17474?
False
Does 71 divide 89744?
True
Is 23864 a multiple of 152?
True
Is 853 a multiple of 33?
False
Does 15 divide 91?
False
Does 2 divide 892?
True
Does 11 divide 259?
False
Does 54 divide 671?
False
Is 1496 a multiple of 6?
False
Does 22 divide 143?
False
Does 18 divide 5807?
False
Is 3142 a multiple of 90?
False
Is 165 a multiple of 33?
True
Is 126 a multiple of 5?
False
Is 64 a factor of 19392?
True
Is 20048 a multiple of 57?
False
Does 27 divide 3371?
False
Is 6 a factor of 81?
False
Does 10 divide 1300?
True
Is 15 a factor of 240?
True
Is 2259 a multiple of 3?
True
Does 23 divide 303?
False
Does 10 divide 563?
False
Is 123 a factor of 4695?
False
Is 5205 a multiple of 35?
False
Does 120 divide 2040?
True
Is 3168 a multiple of 48?
True
Is 29574 a multiple of 75?
False
Is 29 a factor of 319?
True
Is 208 a multiple of 8?
True
Does 146 divide 4672?
True
Is 16243 a multiple of 12?
False
Is 18816 a multiple of 7?
True
Does 8 divide 2440?
True
Is 718 a multiple of 9?
False
Is 12 a factor of 107242?
False
Is 16 a factor of 11760?
True
Does 45 divide 2760?
False
Does 201 divide 68139?
True
Does 85 divide 24592?
False
Is 126 a factor of 18743?
False
Is 473 a multiple of 21?
False
Is 278 a multiple of 11?
False
Does 20 divide 11461?
False
Does 21 divide 735?
True
Does 16 divide 569?
False
Does 24 divide 18771?
False
Is 13 a factor of 2028?
True
Is 3918 a multiple of 15?
False
Does 16 divide 1369?
False
Is 8 a factor of 7363?
False
Is 1514 a multiple of 10?
False
Is 11 a factor of 589?
False
Is 1026 a multiple of 57?
True
Does 92 divide 29900?
True
Does 26 divide 372?
False
Does 11 divide 899?
False
Does 164 divide 71832?
True
Is 18 a factor of 39646?
False
Does 60 divide 10931?
False
Is 27 a factor of 1431?
True
Is 6608 a multiple of 13?
False
Is 1718 a multiple of 42?
False
Is 6 a factor of 6174?
True
Is 38 a factor of 429?
False
Is 373 a factor of 100337?
True
Is 201 a factor of 30954?
True
Is 33 a factor of 114988?
False
Is 11970 even?
True
Is 10 a factor of 300?
True
Is 528 a multiple of 24?
True
Is 11 a factor of 687?
False
Is 185 a multiple of 51?
False
Is 104181 a multiple of 124?
False
Does 67 divide 1608?
True
Is 1035 a multiple of 23?
True
Is 13 a factor of 11427?
True
Does 155 divide 7224?
False
Is 59 a factor of 17818?
True
Is 1845 a multiple of 33?
False
Is 483 a multiple of 23?
True
Does 89 divide 44055?
True
Is 58 a multiple of 58?
True
Is 3 a factor of 1185?
True
Does 14 divide 81?
False
Does 6 divide 1164?
True
Is 23 a factor of 888?
False
Is 3550 a multiple of 14?
False
Is 40080 a multiple of 40?
True
Is 700 a multiple of 70?
True
Is 17 a factor of 20162?
True
Does 13 divide 527?
False
Is 5088 a multiple of 8?
True
Is 10434 a multiple of 74?
True
Is 82510 a multiple of 223?
True
Is 1425 a multiple of 19?
True
Is 436 a multiple of 4?
True
Is 11 a factor of 99?
True
Is 734 a multiple of 31?
False
Does 7 divide 1290?
False
Is 23 a factor of 269?
False
Is 45890 a multiple of 183?
False
Does 7 divide 70?
True
Does 30 divide 16217?
False
Is 1209 a multiple of 13?
True
Is 21 a factor of 1806?
True
Is 108 a factor of 3005?
False
Is 33 a factor of 59945?
False
Is 10 a factor of 866?
False
Does 19 divide 43263?
True
Is 16 a factor of 16544?
True
Does 65 divide 585?
True
Is 78 a factor of 9947?
False
Does 132 divide 58476?
True
Is 118 a factor of 45430?
True
Is 1845 even?
False
Is 4 a factor of 96?
True
Does 32 divide 4992?
True
Is 1682 a multiple of 58?
True
Does 70 divide 25840?
False
Does 4 divide 1221?
False
Does 61 divide 962?
False
Does 7 divide 18507?
False
Is 221 a multiple of 12?
False
Is 6 a factor of 60?
True
Is 71 a factor of 14090?
False
Is 21 a factor of 171?
False
Is 218 a factor of 30738?
True
Does 76 divide 5092?
True
Is 9976 a multiple of 29?
True
Does 13 divide 2574?
True
Is 2 a factor of 187?
False
Is 4 a factor of 3865?
False
Is 70 a multiple of 7?
True
Does 25 divide 2650?
True
Is 1092 a multiple of 78?
True
Does 12 divide 162962?
False
Is 25 a factor of 1534?
False
Is 44396 a multiple of 42?
False
Is 135 a factor of 5222?
False
Is 5 a factor of 12145?
True
Does 36 divide 3966?
False
Is 6 a factor of 1194?
True
Does 31 divide 1009?
False
Is 19 a factor of 47181?
False
Does 9 divide 92?
False
Is 14 a factor of 1469?
False
Is 20 a factor of 1480?
True
Is 12412 a multiple of 260?
False
Does 110 divide 1047?
False
Is 10 a factor of 44141?
False
Is 2130 a multiple of 36?
False
Does 9 divide 199?
False
Does 5 divide 459?
False
Is 14 a factor of 4270?
True
Does 17 divide 748?
True
Is 22968 a multiple of 24?
True
Does 13 divide 559?
True
Is 97 a factor of 163497?
False
Is 11 a factor of 1317?
False
Does 8 divide 8424?
True
Is 4 a factor of 4065?
False
Is 2 a factor of 1858?
True
Is 440 a multiple of 17?
False
Is 24814 a multiple of 19?
True
Does 219 divide 10856?
False
Is 21103 a multiple of 9?
False
Is 2728 a multiple of 11?
True
Is 20 a factor of 909?
False
Is 5 a factor of 5775?
True
Is 3336 a multiple of 49?
False
Does 13 divide 40378?
True
Is 22747 a multiple of 18?
False
Is 71 a factor of 2931?
False
Is 1144 a multiple of 26?
True
Is 2386 a multiple of 23?
False
Is 2 a factor of 391?
False
Is 1228 a multiple of 11?
False
Is 19 a factor of 3296?
False
Does 6 divide 2699?
False
Does 115 divide 33609?
False
Is 7 a factor of 66432?
False
Is 940 a multiple of 47?
True
Does 30 divide 30360?
True
Is 2 a factor of 605?
False
Is 132 a multiple of 66?
True
Does 34 divide 38186?
False
Is 94 a multiple of 24?
False
Does 89 divide 11570?
True
Is 6 a factor of 4242?
True
Is 18 a factor of 504?
True
Is 3959 even?
False
Is 824 a multiple of 8?
True
Is 12575 a multiple of 70?
False
Is 10 a factor of 1970?
True
Does 4 divide 1832?
True
Does 28 divide 35454?
False
Is 450 a multiple of 9?
True
Is 2561 a multiple of 20?
False
Is 135669 a multiple of 41?
True
Does 21 divide 7712?
False
Is 870 a multiple of 40?
False
Is 38342 a multiple of 19?
True
Is 12 a factor of 23376?
True
Does 2 divide 53?
False
Is 482 a multiple of 10?
False
Does 65 divide 2511?
False
Is 72 a factor of 2664?
True
Does 42 divide 23020?
False
Does 25 divide 21275?
True
Is 368 a multiple of 46?
True
Is 3050 a multiple of 50?
True
Does 43 divide 332?
False
Is 13776 a multiple of 48?
True
Does 9 divide 649?
False
Is 150290 a multiple of 35?
True
Is 11390 a multiple of 81?
False
Is 9068 a mult